is the remainder when 934 is divided by 90?
34
Calculate the remainder when 23436 is divided by 96.
12
What is the remainder when 267 is divided by 31?
19
Calculate the remainder when 96441 is divided by 24064.
185
Calculate the remainder when 9636 is divided by 3001.
633
Calculate the remainder when 16330 is divided by 1632.
10
Calculate the remainder when 1713 is divided by 48.
33
Calculate the remainder when 39382 is divided by 692.
630
What is the remainder when 42961 is divided by 23?
20
Calculate the remainder when 952 is divided by 67.
14
What is the remainder when 142088 is divided by 454?
440
Calculate the remainder when 697 is divided by 546.
151
What is the remainder when 12998 is divided by 106?
66
Calculate the remainder when 1925 is divided by 729.
467
Calculate the remainder when 1021 is divided by 33.
31
What is the remainder when 393 is divided by 17?
2
What is the remainder when 507544 is divided by 4?
0
Calculate the remainder when 85310 is divided by 45.
35
Calculate the remainder when 51674 is divided by 67.
17
What is the remainder when 220479 is divided by 11?
6
What is the remainder when 480627 is divided by 185?
182
Calculate the remainder when 6438 is divided by 380.
358
Calculate the remainder when 17689 is divided by 589.
19
Calculate the remainder when 134548 is divided by 26.
24
Calculate the remainder when 331154 is divided by 136.
130
What is the remainder when 31069 is divided by 2261?
1676
What is the remainder when 129437 is divided by 17?
16
Calculate the remainder when 628613 is divided by 314295.
23
Calculate the remainder when 199982 is divided by 361.
349
What is the remainder when 34206 is divided by 21?
18
Calculate the remainder when 1331 is divided by 194.
167
What is the remainder when 745497 is divided by 175?
172
What is the remainder when 94942 is divided by 16?
14
Calculate the remainder when 16189 is divided by 677.
618
Calculate the remainder when 5329 is divided by 191.
172
What is the remainder when 733 is divided by 37?
30
Calculate the remainder when 51978 is divided by 46.
44
What is the remainder when 2916 is divided by 309?
135
Calculate the remainder when 1254 is divided by 229.
109
Calculate the remainder when 169590 is divided by 937.
930
Calculate the remainder when 122177 is divided by 82.
79
What is the remainder when 938360 is divided by 79?
77
Calculate the remainder when 8018 is divided by 1592.
58
What is the remainder when 40649 is divided by 24?
17
Calculate the remainder when 51207 is divided by 607.
219
What is the remainder when 2860 is divided by 211?
117
What is the remainder when 134595 is divided by 253?
252
Calculate the remainder when 310223 is divided by 25.
23
Calculate the remainder when 43692 is divided by 3970.
22
What is the remainder when 10568 is divided by 258?
248
Calculate the remainder when 4519 is divided by 411.
409
What is the remainder when 3646 is divided by 601?
40
Calculate the remainder when 3422 is divided by 1197.
1028
Calculate the remainder when 165387 is divided by 111.
108
What is the remainder when 5865 is divided by 111?
93
What is the remainder when 17367 is divided by 5757?
96
What is the remainder when 65736 is divided by 1455?
261
Calculate the remainder when 7080 is divided by 17.
8
Calculate the remainder when 28559 is divided by 42.
41
What is the remainder when 268629 is divided by 246?
243
What is the remainder when 50832 is divided by 535?
7
What is the remainder when 2408 is divided by 1193?
22
What is the remainder when 1974 is divided by 1950?
24
What is the remainder when 9027 is divided by 85?
17
Calculate the remainder when 20818 is divided by 270.
28
Calculate the remainder when 3848 is divided by 424.
32
Calculate the remainder when 1394818 is divided by 420.
418
What is the remainder when 19050 is divided by 4?
2
Calculate the remainder when 2048776 is divided by 387.
385
What is the remainder when 87390 is divided by 87382?
8
Calculate the remainder when 130171 is divided by 1607.
4
Calculate the remainder when 113648 is divided by 77.
73
What is the remainder when 17181 is divided by 2142?
45
Calculate the remainder when 24741 is divided by 304.
117
What is the remainder when 2707 is divided by 33?
1
What is the remainder when 110904 is divided by 887?
29
Calculate the remainder when 28633 is divided by 7.
3
Calculate the remainder when 2250962 is divided by 1287.
1286
What is the remainder when 20921 is divided by 33?
32
Calculate the remainder when 14601 is divided by 7023.
555
Calculate the remainder when 16526 is divided by 472.
6
What is the remainder when 6114 is divided by 380?
34
What is the remainder when 50210 is divided by 9?
8
What is the remainder when 62366 is divided by 47?
44
Calculate the remainder when 2001 is divided by 184.
161
What is the remainder when 1878488 is divided by 642?
638
What is the remainder when 2153 is divided by 386?
223
What is the remainder when 27064 is divided by 459?
442
What is the remainder when 1535959 is divided by 860?
859
Calculate the remainder when 86442 is divided by 192.
42
Calculate the remainder when 43734 is divided by 61.
58
Calculate the remainder when 25356 is divided by 79.
76
What is the remainder when 203626 is divided by 8145?
1
Calculate the remainder when 72645 is divided by 49.
27
Calculate the remainder when 10567505 is divided by 613.
611
What is the remainder when 45604 is divided by 2849?
20
Calculate the remainder when 14412 is divided by 288.
12
Calculate the remainder when 9002 is divided by 9.
2
Calculate the remainder when 4205 is divided by 124.
113
What is the remainder when 6876 is divided by 3301?
274
Calculate the remainder when 1125 is divided by 773.
352
What is the remainder when 15386 is divided by 114?
110
Calculate the remainder when 7527 is divided by 1869.
51
What is the remainder when 551 is divided by 249?
53
What is the remainder when 393240 is divided by 98310?
0
Calculate the remainder when 2735 is divided by 883.
86
What is the remainder when 155243 is divided by 12?
11
What is the remainder when 14136 is divided by 3483?
204
What is the remainder when 7113 is divided by 422?
361
Calculate the remainder when 6871 is divided by 1712.
23
Calculate the remainder when 159577 is divided by 8.
1
What is the remainder when 660752 is divided by 5416?
0
What is the remainder when 124356 is divided by 37?
36
Calculate the remainder when 467912 is divided by 147.
11
Calculate the remainder when 6117 is divided by 27.
15
What is the remainder when 174552 is divided by 10266?
30
What is the remainder when 10795 is divided by 3597?
4
Calculate the remainder when 3170 is divided by 210.
20
Calculate the remainder when 9589 is divided by 4238.
1113
What is the remainder when 1008 is divided by 335?
3
What is the remainder when 2974 is divided by 24?
22
What is the remainder when 10567 is divided by 15?
7
Calculate the remainder when 7783 is divided by 863.
16
What is the remainder when 784 is divided by 209?
157
Calculate the remainder when 162005 is divided by 263.
260
What is the remainder when 4071 is divided by 141?
123
Calculate the remainder when 774 is divided by 246.
36
Calculate the remainder when 7271 is divided by 30.
11
Calculate the remainder when 2986 is divided by 1168.
650
Calculate the remainder when 14902 is divided by 108.
106
What is the remainder when 4501586 is divided by 26?
24
Calculate the remainder when 12521 is divided by 136.
9
What is the remainder when 8582 is divided by 429?
2
Calculate the remainder when 12959 is divided by 589.
1
Calculate the remainder when 28344 is divided by 9400.
144
What is the remainder when 8767 is divided by 731?
726
What is the remainder when 1031 is divided by 597?
434
What is the remainder when 154110 is divided by 128?
126
What is the remainder when 4803 is divided by 255?
213
What is the remainder when 89580 is divided by 400?
380
What is the remainder when 1889 is divided by 472?
1
Calculate the remainder when 18295 is divided by 104.
95
Calculate the remainder when 1931 is divided by 449.
135
Calculate the remainder when 8817 is divided by 21.
18
What is the remainder when 61345 is divided by 30?
25
Calculate the remainder when 16410 is divided by 8185.
40
What is the rema